 - (3 - 2))?
3
7 - (5 + (-13 - -9) + -9)
15
What is the value of (-5 - (2 - -5)) + (71 - 54)?
5
-1 - ((-9 - (-2 - -2)) + -242 + 244)
6
Calculate (-15 - (-12 - (-7 - -3)) - 0) + 5.
-2
What is 1 - (3 + (7 - 10)) - (2 + 10)?
-11
Calculate -4 + -14 - (3 - 21).
0
Evaluate (8 + -3 - (-2 - -1)) + 673 + -669.
10
Calculate 1 + -20 - -12 - -12.
5
What is 3 + 0 - ((-518 - -484) + (18 - -1))?
18
Calculate 8 + (-68 - -55) + (10 - 1).
4
Calculate (-48 - -24) + 32 - (-1 + 2 - 9).
16
(-37 - -20) + 52 + -21
14
Calculate 13 + (29 + -25 - ((0 - -2) + -1)).
16
What is the value of 1 + ((-1 - -3) + -14 + 9 - 1)?
-3
Evaluate (7 - 5 - -6 - -1) + -4.
5
What is -7 - (-3 + 12 + -6 + 2)?
-12
What is the value of 1 + 1 + 30 + -11 + -14 - -5?
12
Evaluate -3 + 43 + 11 + -23.
28
Evaluate 6 + -2 + -3 + -4 - -8.
5
Calculate 2 - ((1 - 1) + -1 - (-388 - -392)).
7
Evaluate 4 - (32 + -29 + -4 + 2).
3
Evaluate (15 + 0 - (-89 - -88)) + -29.
-13
What is 16 + -12 + -25 + 14?
-7
Evaluate 0 + (-3 - -1) - (-101 + 99).
0
Calculate -10 + 17 + 1 + -6 + -8.
-6
Evaluate 12 - (-1 + 19 + -2 + (-35 - -26)).
5
Calculate (-9 - ((-11 - -3) + 9)) + 23.
13
What is the value of (26 - (40 + -20)) + (-1 - 6)?
-1
What is 0 + 35 + -18 + -12?
5
-9 + (7 - -2 - -1) + -21
-20
Evaluate -162 + 168 + (-12 - -1).
-5
Evaluate (42 - (23 + -21)) + -24.
16
Evaluate -53 - -75 - (-15 - -32).
5
6 + (-3 - ((4 - 7) + 6) - 5)
-5
Calculate -45 + -19 + 51 - (10 + -1).
-22
Evaluate (28 - 38 - 1) + 8.
-3
What is -4 - (-5 - (34 - 0 - (42 - 35)))?
28
Evaluate -21 + 60 + -10 - 35.
-6
What is 1 + -16 + 54 + -28 - (7 - -1)?
3
What is -29 + 18 + 39 - 38?
-10
Evaluate -5 + (-14 - (-9 + 5) - (-3 - -1)).
-13
-582 - -555 - (-4 + 1)
-24
What is 15 + (-13 - 8) - -8?
2
What is -23 - (8 + -37 + 13)?
-7
Evaluate (-2 - (-36 + 32)) + (-5 - -1) - -16.
14
8 - (10 + -10 + 17)
-9
What is the value of 10 + (12 - 8) + -18?
-4
Calculate -1 - -5 - (6 - (6 - 0 - -4)).
8
Calculate -1 + 4 + 24 + -18.
9
What is -6 + 15 - (12 + -7 + 1 + -3)?
6
Evaluate (0 - ((13 - 7) + -7)) + -7 - 7.
-13
What is (1 - 2 - (2 - -4)) + -32 + 29?
-10
What is the value of 40 + 1 + -850 + 825?
16
Evaluate 24 - (5 - -2 - ((6 - 20) + 15)).
18
(-8 - (-5 + -3 + 2)) + (33 - 18)
13
What is the value of -11 + (10 - (10 + -9)) + -8?
-10
Calculate -20 - (-15 - -18 - 21).
-2
What is the value of -25 + 34 - (-4 + 19)?
-6
What is the value of -1 + (24 - 18) + (3 - -3 - -1)?
12
Calculate -7 - (-15 + -11 + 2 + (8 - 8)).
17
-28 - (6 + -26) - -31
23
18 - ((33 - -11) + -25)
-1
2 + (-17 - 3) + (-10 - -16)
-12
(24 - (57 + -26)) + -10
-17
What is (-4 - (4 + -13) - -1) + -7 + 23?
22
Evaluate 3 - -25 - (37 + -23).
14
Calculate (23 - -8 - 19) + 1 + -3 + 1.
11
What is the value of (-2 - (-9 + 23 + -9)) + 9?
2
Calculate 2 + (-1 - (-5 - -3) - (1 + 0)).
2
17 - (5 + (0 - -10) + -31)
33
What is 27 + -32 - -23 - 18?
0
(-2 + -12 - (-7 - -1)) + 1 + 18
11
7 + (34 + -60 - 3)
-22
What is 10 + (-3 + 5 + -2 - 2) - 20?
-12
What is the value of (-3 - -4) + 8 + -1 - 9?
-1
What is 3 + 47 + -26 - (3 - 3)?
24
Evaluate -175 - -184 - (0 + 0 + 1 + -4).
12
Evaluate -7 + 14 - (3 + -10).
14
What is 1 + 1 - 3 - (7 + -5 + -2)?
-1
10 + 1 + (14 - -11) + -13
23
What is the value of (-17 - (2 - 8) - -5) + 2 + -3?
-7
What is the value of -16 + 12 - (6 + 5)?
-15
Calculate 0 + 11 + -3 + (-2 - -5).
11
(6 - 5) + (-24 - -4) - (-1 - -4)
-22
Calculate 12 - ((7 - (-34 + -9)) + -11).
-27
Calculate -427 + 435 - ((-1 - (-1 + -1)) + -6).
13
What is -9 + 18 + 4 + -8 - -7?
12
Calculate 9 - (-5 + 8) - 23 - -6.
-11
What is (-17 - 5 - -11) + 21?
10
Evaluate -16 + 39 + -28 + (-13 - -4).
-14
What is the value of 25 + 9 + 1 - 25?
10
What is the value of 3 - (-192 + 173 - (6 + 1))?
29
What is (22 - 2) + -2 - (-141 - -149)?
10
-1 + -2 + -14 + 21 - 5
-1
(0 - (-11 - -18 - 11 - -1)) + 3
6
Calculate 2 + -34 - 1 - (86 + (6 - 103)).
-22
What is (-65 - -48) + (9 - 2)?
-10
12 - (5 - (-22 + 29 + -14))
0
Evaluate 1 - 6 - (12 - (4 + 8)).
-5
Evaluate -11 - (-32 - (-11 - 6)).
4
Calculate -19 - (31 + -11 + -48) - (1 + 9).
-1
What is the value of -14 - (-6 - 9) - -11 - -16?
28
What is (1 - 21 - -3) + -10 + 14 - 0?
-13
Evaluate 1 - -28 - (8 - -1) - 7 - -10.
23
What is the value of -48 + (61 - 20) + 20 + 0?
13
What is the value of 0 + -11 + 7 + -5 + 2 + 25?
18
What is the value of -53 - 3 - (-291 - -249)?
-14
Evaluate -1 + -3 + (10 - 0).
6
-1 - (4 - (-9 + 4 + 11)) - -1
2
What is -7 + (3 - 4) + -4 + 11?
-1
Evaluate -5 + -16 + -1 + 9 + 14.
1
Calculate 14 - (-42 - -23) - 10.
23
(-37 - -63) + (-33 - 5)
-12
Evaluate -3 + 9 + -12 + -5 - -20.
9
Evaluate (-8 - -2 - (15 + -14)) + (6 - -1).
0
Evaluate (44 - 46) + 7 + -6.
-1
What is the value of (0 - 10 - -64) + -33?
21
Calculate (-1 - -20) + -17 - 16.
-14
What is 23 + (-8 - (4 - -3 - 14 - 3))?
25
What is -23 - -26 - 9 - (-1 + 1 - 9)?
3
What is the value of 0 + 1 + 0 - (-81 - (42 - 111))?
13
What is -5 + 3 + 3 - (2 + 8 + -5)?
-4
What is 7 - ((-4 - -7) + 3 + 1)?
0
What is -22 + 31 + (-10 - 6)?
-7
Calculate (2 + 1 + (12 - 10) - 6) + 13.
12
What is the value of 45 - (24 - 7 - 5)?
33
What is 17 + -6 - 9 - (18 + 5 + -12)?
-9
Calculate (18 - 3) + -17 + 21 + -16.
3
What is 3 - (-14 + 36) - -25 - -2?
8
What is (3 - -1 - -5) + -7 + 6?
8
Calculate -1 + -3 - 4 - (-65 - -56).
1
What is 11 + -19 + 0 + 1 - 8?
-15
What is the value of -27 + 67 - -1 - 58?
-17
(-3 + (-16 - 3) - -8) + (0 - 0)
-14
What is the value of -11 + 1 + (-10 - 1) - (-10 + 2)?
-13
What is -18 + 19 + 6 + -1?
6
What is 4 + -14 + -1 - (-38 - -29)?
-2
44 - (-20 - -9 - -47)
8
Evaluate -6 + (-13 + 19 - 0).
0
Evaluate (-1 - 4) + (-15 - -6) + -13 + 13.
-14
What is 8 - (38 + (-14 - 2))?
-14
What is the value of 1 - (50 - 54 - (-3 - 0))?
2
Calculate (-49 - -54 - (19 - 0)) + 53.
39
Calculate -54 - (-38 + (34 - 25)).
-25
What is the value of 18 + (-8 - (-3 - -1)) - (12 + -5)?
5
Evaluate (15 + -19 - -15) + -7.
4
What is the value of 4 + 0 - 3 - (-11 + -6 + 10)?
8
Evaluate (273 - 278) + 0 + 0.
-5
-2 + (1 - (-3 + 17 + -13))
-2
What is -3 + (27 - 63) - -15?
-24
Evaluate 6 + 34 + -5 + (3 - 3) + -5.
30
What is 37 + (-13 - 19) + -9?
-4
What is the value of -8 - -3 - ((43 - 14) + 4 - 13)?
-25
Calculate 1 + -17 + 6 + -1 + 8.
-3
What is -13 + (-39 - (-32 + -32))?
12
What is the value of 10 + (11 - (-1 + 8)) + 5?
19
(26 - 10) + -3 - (9 + 4)
0
What is the value of 2 - 3 - (38 - (-27 - -47))?
-19
Evaluate (4 - 0) + -17 + 6.
-7
What is -62 - (-49 - 15) - (-5 - 0)?
7
Evaluate (5 - -4) + (10 - 8) - (-9 - 1).
21
What is the value of (7 - 9 - 15) + (-29 - -15 - -14)?
-17
What is -1 + 10 + -9 + (44 - 25)?
19
Evaluate 45 + -50 + (-10 + 5 - -29).
19
What is 13 + -19 + 17 + 0 + 5?
16
What is the value of 12 - (7 - (-12 - -7))?
0
What is 12 + -6 + 2 - (-7 + 5)?
10
What is 26 - (12 - (4 - (-12 - -12)))?
18
Calculate 15 + 13 + -35 + (-1 - -3).
-5
-11 + (33 - ((2 - 3) + 10))
13
Calculate (-1 - (-9 - -15)) + 47 + -2 + -2.
36
(41 - (40 + 37)) + (2 - -1)
-33
What is -1 + -16 + (-6 - ((-1 - 14) + 8))?
-16
Calculate -16 + 20 + 8 + -23.
-11
Calculate -1 - (-2 - -12) - (774 - 764).
-21
What is the value of -9 - (8 - (-12 - -21))?
-8
What is the value of 1 - (4 + 1 + (129 - 107) - 9)?
-17
Evaluate -15 - (14 + (-29 - 11)).
11
What is 5 - -3 - (29 - 33)?
12
What is 10 + 5 + 9 + -13 - 7?
4
What is the value of -2 + 15 - (16 - (6 + (-17 - -33)))?
19
Evaluate (-5 - -4) + (-3 - -2 - -1) + -1.
-2
Evaluate 1 + 5 + -4 - 2 - (17 + -26).
9
Calculate 5 - (-15 + 14 + 27).
-21
Calculate 1 + (-7 - 19 - -13).
-12
Calculate (-18 + 7 - 0) + -12 + 25.
2
What is (6 - -4 - (11 - -27)) + 5?
-23
What is -4 - (5 + 2 + -18) - 11?
-4
What is 21 - ((-12 + -5 - -8) + 14)?
16
Calculate (-3 - 2) + 3 + (-5 - 5 - -6).
-6
What is the value of 20 + (10 + -6 - 6) + -5 + 1?
14
What is (3 - (-13 - -9)) + -5 - (1 - -3)?
-2
What is (797 - 796) + (-2 - 12)?
-13
(-9 - -5 - -25) + 0 + -8
13
4 + -35 - -24 - (-1 - 13)
7
What is the value of -1 - -7 - (-22 + (27 - 15) + 6)?
10
What is 8 + -22 + (-1 - -3) + 8?
-4
Evaluate -2 - (3 + -15) - (826 - 840).
24
3 + -1 + -6 - 11 - -6
-9
12 - (8 + -7 - -15 - 2)
-2
What is the value of 0 + -1 - (-64 + 55) - (-2 - -1)?
9
Calculate -19 + (-11 - -7 - 12).
-35
Evaluate 4 + -27 - -34 - (-1 - (1 + 0)).
13
Calculate (-1 - -6) + (-107 - -108).
6
-1 - (-4 + 14) - (6 - 11)
-6
(-1 - 6) + -8 + (2 - -11) + 7
5
Evaluate (57 - 54) + (13